uppose m + k - 89 = 3*k, -m - 2*k + 105 = 0. Calculate the remainder when m is divided by 14.
13
Suppose -5*y + 19 + 11 = 0. What is the remainder when 21 is divided by y?
3
Suppose 121 = 7*m - 19. Calculate the remainder when 97 is divided by m.
17
Let l(m) = m - 12. Let n be l(0). Calculate the remainder when 14 is divided by -1*-2*n/(-8).
2
Let a(m) = -m + 20. Let k be (-29)/(-9) - (-4)/(-18). Suppose -3*c + 41 = 4*f, -29 = -3*c - f + k*f. Calculate the remainder when a(0) is divided by c.
9
Let u(i) be the second derivative of i**3/6 + 19*i**2/2 + 2*i. Suppose 2*v + 55 = 13*v. Calculate the remainder when u(0) is divided by v.
4
Let r(g) = -g**3 + 14*g**2 - 7*g + 13. Let a(w) = 3*w**2 + 1. Let k be a(2). Calculate the remainder when r(k) is divided by 23.
22
Suppose -224 = -4*g - 2*i, -5*g + 20*i - 22*i + 279 = 0. What is the remainder when g is divided by 24?
7
Suppose 46 + 0 = d. Suppose 5*y - 133 = -2*g + d, -5*y - 3*g + 176 = 0. Calculate the remainder when y is divided by 13.
11
Let v(t) = 2*t**2 + 10*t + 12. Let z be v(-7). Let g = -22 + z. Calculate the remainder when 52 is divided by g.
16
Suppose -49 = -5*g + p, -3 = 2*p - 5*p. What is the remainder when 24 is divided by g?
4
Let p = -5 - -13. Calculate the remainder when 31 is divided by p.
7
Let c = -34 - -78. Calculate the remainder when c is divided by 15.
14
Calculate the remainder when (0 - 1) + 90/1 is divided by 23.
20
Suppose -5*d + 75 = -0*d. Let w be (0 - -8)/(2/(-4)). Let v = w + 24. What is the remainder when d is divided by v?
7
Suppose 5*f = 5*i - 45, 8*f - 3*f - 4*i + 40 = 0. Let k = 22 + f. Calculate the remainder when k is divided by 7.
4
Suppose 4*c - 27 = 3*k + 32, 37 = 2*c - 3*k. What is the remainder when 41 is divided by c?
8
Let z = -38 - -85. Let i(x) = -x - 4*x + 1 + 0*x. Calculate the remainder when z is divided by i(-3).
15
Let y(k) = k**3 + 7*k**2 + 6*k + 6. Let j = 474 - 424. What is the remainder when j is divided by y(-5)?
24
Let w(o) = -o + o - 2*o + 2*o**2 + 0*o. Calculate the remainder when 70 is divided by w(4).
22
Let b(z) = -2*z - 15. Let r(y) = -y**3 + 5*y**2 - 4*y + 7. Let n be r(5). What is the remainder when b(n) is divided by 3?
2
Let w(x) = 9*x**2 - 9*x + 5. Suppose 4 = 5*z - 11. Suppose 0 = -3*f - 3*r + 51, -4*f + 93 = z*r + 29. What is the remainder when w(2) is divided by f?
10
Let p = 172 + -110. Calculate the remainder when p is divided by 16.
14
Let w(u) = -4*u - 5 + 5*u + 4*u - 3*u. Suppose 2*x - 5*f + f + 4 = 0, 0 = 5*x - 3*f - 25. Calculate the remainder when w(10) is divided by x.
7
What is the remainder when 3/(-9) + (-313)/(-3) is divided by 21?
20
Let k be (-2 + (-24)/(-15))*5. Let l be k/9 - 800/45. Let z = l - -28. What is the remainder when 28 is divided by z?
8
Let l(t) = -t**3 - 8*t**2 - 9*t - 6. Suppose 0 = 2*w - w + 7. Calculate the remainder when -2*(34/(-4) + 1) is divided by l(w).
7
Suppose -2*a + 64 = 2*a. What is the remainder when (13 - 8)*47/5 is divided by a?
15
Let h = 12 + -9. What is the remainder when 5 is divided by (-1 + (-6)/(-3))*h?
2
Suppose -5*b = 5*j - 35, -53 = -3*b - 2*b + j. Suppose -t - 31 + 1 = -2*n, -4*t - 4*n = 72. Calculate the remainder when b is divided by t/(-4) - (-1)/2.
4
Suppose 10 = 4*g - 6. Calculate the remainder when 9 is divided by g.
1
Let p(u) = -9 - u**2 - 2*u**2 + 4 - 4*u**3 + 5*u**3. What is the remainder when 31 is divided by p(4)?
9
Suppose -1 = 5*z + 4. Let f be (-8)/(z*(-2 - -3)). Suppose 24 = 2*s + f. What is the remainder when 13 is divided by s?
5
Suppose 0 = -5*w + 5*f + 800, -5*w + w - 4*f = -632. What is the remainder when w is divided by 27?
24
What is the remainder when 101 is divided by (-18)/(-12)*208/12?
23
Let a(v) be the first derivative of 2*v**3/3 - 3*v**2 - 2*v - 4. What is the remainder when a(7) is divided by 14?
12
What is the remainder when 198/(-4)*20/(-15) is divided by 23?
20
Suppose 2*o + 0*o = -28. What is the remainder when 26 is divided by (o/(-7))/(4/14)?
5
Let y = -16 + 15. What is the remainder when 8 is divided by 3*-1*(0 + y)?
2
Let t be 4/(-14) - (-37)/7. Suppose -4*b + 254 = 3*r, -t*r = 2*b - 417 + 3. Let v = r + -45. What is the remainder when v is divided by 13?
11
Let b(t) = t - 4. Let r be b(6). Suppose -34 = -5*h - m, -h + r*m - 10 = -2*m. Suppose -15 = n - h*n. What is the remainder when n is divided by 2?
1
Let w = -17 - -35. What is the remainder when 53 is divided by w?
17
Let l = 23 + -23. Suppose l = -3*x + 29 + 37. What is the remainder when x is divided by 6?
4
Suppose 0*s - s + 4 = 0. Suppose 0 = -5*c - 2*v + 273, -5*c + 163 + 86 = -s*v. Suppose -m - 9 = -c. Calculate the remainder when m is divided by 15.
14
Suppose 5*u + 1 = -4*n + 3*n, 3*n - 12 = 0. What is the remainder when (-9)/(u - 7/(-10)) is divided by (-14 - -17) + 8/1?
8
Suppose -5*t - a = -25, 4*t - 2*a - 2*a = 20. Let w = 12 - t. Suppose -m + 7 = -13. What is the remainder when m is divided by w?
6
Let i(c) = -2 - 15*c + 5*c + 1 - 2. What is the remainder when i(-3) is divided by 14?
13
Suppose 0 = v + v - 4*o, 0 = 2*o. Let k be 6/(-4)*(-8)/6. Suppose -k*l + 4*l - 34 = v. What is the remainder when l is divided by 5?
2
Let k = -137 - -274. What is the remainder when k is divided by 35?
32
Let i(y) = y**2 + 4*y + 3. Let g be -4 + (-6)/3 - -2. Let z be i(g). Suppose z*s = 2 + 10. Calculate the remainder when 10 is divided by s.
2
Let j be ((-8)/(-6))/((-4)/(-18)). Let w be -2 + (0 - 0) + j. What is the remainder when (-2)/w*(-5 - -1) is divided by 1?
0
Suppose -2*n = -0*n - 32. Let r = -2 - -8. Let x(i) = i**2 - i. What is the remainder when x(r) is divided by n?
14
Let s be 906/15 - (-4)/(-10). Let p = s + -21. Calculate the remainder when p is divided by 20.
19
Let i(l) = l**2 + l + 1. Let x = 0 - 3. Let o = -31 + 51. What is the remainder when o is divided by i(x)?
6
Let q be (2*13)/(-2 + 1). Let b = q - -37. What is the remainder when b is divided by 6?
5
Let o = 1 + -5. Let h be (-9)/6*o/3. What is the remainder when (5 + h)*(-12)/(-14) is divided by 4?
2
Let a be (6/(-5))/((-2)/(-10)). Let o = a + 11. What is the remainder when 9 is divided by o?
4
Suppose 0 = i + 2*i - 153. What is the remainder when i is divided by 18?
15
Suppose 165 = 5*s - 3*d - 39, 207 = 5*s - 4*d. Calculate the remainder when s is divided by 14.
11
Let u = 777 + -761. Suppose 0 = -3*g - 2*g + 225. Calculate the remainder when g is divided by u.
13
Suppose 8*t = 105 + 7. What is the remainder when 42 is divided by t?
0
Suppose -438 = -4*p - 2*x, 5*p + 0*p + x - 549 = 0. Calculate the remainder when p is divided by 16.
14
Let u(i) = i**2 - 4. Suppose 4*p + 14 = 2*c, 2*p + 2*p = 4. What is the remainder when c is divided by u(3)?
4
Suppose -q = 4*p - 19, -3*q + 3*p = -0*q - 42. Suppose 5*g + 2*z = -5, -4*g - 2*z = -6*z + 32. Calculate the remainder when (-86)/6*(g - 0) is divided by q.
13
Let v(c) = -4*c - 3*c + 12*c - 4 + 9*c. Calculate the remainder when v(3) is divided by (-32)/(-3) + (-2)/3.
8
Suppose 3*z - 335 = 4*q, 4*q - 781 = -5*z - 276. What is the remainder when z is divided by 27?
24
Let w(p) = -17*p - 55. Calculate the remainder when 148 is divided by w(-5).
28
Suppose 0*i + 15 = i. Suppose 6*b - 3*y = 4*b + 42, -y - 23 = -b. What is the remainder when b is divided by i?
12
Let u(r) = 2*r**2 - r**3 + 2*r - 4*r + 2 + 0*r**3 - 3*r**2. What is the remainder when u(-4) is divided by 20?
18
Let r(m) = m**3 - m + 21. Calculate the remainder when r(0) is divided by 6.
3
Let i = 10 - -10. Calculate the remainder when i is divided by -33*3/(-18)*2.
9
Let s(r) = 3*r**2 + 12*r + 8. Let u be s(-8). Calculate the remainder when 75 is divided by (-16)/u - (-249)/13.
18
Let d(c) = c**2 + 4*c + 4. Let k be d(-4). What is the remainder when (14/k)/((-4)/(-24)) is divided by (22/4)/(1/2)?
10
Let l(i) = i**3 - 2*i**2 - 4 - 2*i**2 + 2 + 3*i. Let d be l(4). Suppose -v + 0*v = -d. Calculate the remainder when v is divided by 4.
2
Suppose 52 = -5*m + 142. Suppose -5*i + 19 = -v, 5*i + v = 3*v + m. What is the remainder when 7 is divided by i?
3
Let m = 9 - -1. Calculate the remainder when (-2)/(-1) + -2 + m is divided by (-20)/(-6) - 4/(-6).
2
Let h = -23 - -34. Suppose 3*k - 12 = 0, 2*q + 3*k = -2*k + 84. Calculate the remainder when q is divided by h.
10
Let b = -3 + 3. Let y be (0/(-6))/(-2 